e the prime factors of h(w)?
383
Let u = -927 - -1313. List the prime factors of u/1 - (-8 + 12 - 6).
2, 97
Suppose -137*f = -3*f - 2760534. List the prime factors of f.
3, 7, 109
Let c = 407 - 239. Let m = c + 346. What are the prime factors of m?
2, 257
Let o(w) = 56*w + 163. Let c be o(-5). Suppose 5*x = 4*z - 1221, 0 = 4*x - 7*x - 5*z - 703. Let q = c - x. What are the prime factors of q?
2, 31
Let s = -2632 - -24360. List the prime factors of s.
2, 7, 97
Let r = 88 - 132. List the prime factors of (-1)/(-8)*2 - 57365/r.
2, 163
Let q be (0/(-12) + 1)*2242/2. Let t = -277 + q. List the prime factors of t.
2, 211
Suppose 22 + 32 = 18*d. Suppose d*u - 12 = 1905. List the prime factors of u.
3, 71
Let a be -3 + 18/5 + 387/(-45). List the prime factors of (192/a)/(-3) + 1146.
2, 577
Let n(b) = 68*b + 230. Let j(r) = -r - 1. Let t be j(-9). What are the prime factors of n(t)?
2, 3, 43
Let x(y) = y**2 + 6*y + 12. What are the prime factors of x(-3)?
3
Let o = -480 + 480. Let b(w) = w**3 - 4*w**2 + 6*w + 805. What are the prime factors of b(o)?
5, 7, 23
Suppose 18*f = 13310 + 170308. Suppose 54*a - f - 63941 = 0. What are the prime factors of a?
1373
Let b = 2105 + -431. Let p = b - 880. List the prime factors of p.
2, 397
Let r(p) = -2*p**3 + p**2 + p - 2. Let o be r(-4). Suppose 72*q - 71*q = 4. Suppose 82 = q*c - o. List the prime factors of c.
5, 11
Let n(p) = -56*p + 242. Let v be n(4). Suppose -v*f + 243 = -945. List the prime factors of f.
2, 3, 11
Let b(w) = w**2 - 10. Let v be b(3). Let i be ((-1152)/(-10))/(68/60 + v). Suppose 8*t + 0*t - i = 0. List the prime factors of t.
2, 3
Suppose -x + 18914 = -f, 282*x - 75664 = 278*x + 3*f. What are the prime factors of x?
2, 9461
Suppose -10*k - 1249 = -11*k + 3*y, -3*k + 4*y + 3752 = 0. Let m = k + -402. List the prime factors of m.
2, 5, 17
Let c = -1510 - -15631. List the prime factors of c.
3, 523
Suppose -7*w = 3*w. Suppose -4*j + 576 = -w*j. Suppose -2*p + 2*f + j = 0, p + 5*f - 67 = f. What are the prime factors of p?
71
Let t = -109432 - -160522. What are the prime factors of t?
2, 3, 5, 13, 131
Let h(c) = 287*c**2 - 51*c - 384. List the prime factors of h(-7).
2, 11, 29
Suppose 3*v - 4 = 4*v, -4*v - 13 = 3*o. Let a(j) = 5*j**3 + 3*j**2 - 2. Let l be a(o). Suppose 8*t - 336 = l*t. List the prime factors of t.
2, 3, 7
Suppose -21 = 14*u - 17*u. Suppose -97 = u*k - 2988. What are the prime factors of k?
7, 59
Let b(w) = 358*w + 11413. What are the prime factors of b(0)?
101, 113
Let r = 113170 - 25365. List the prime factors of r.
5, 17, 1033
Suppose -94*c + 125728 = -20*c - 332776. What are the prime factors of c?
2, 1549
Suppose -s = 5*s. Suppose s = -6*p + 3280 + 1244. Suppose -p = -4*a - 150. What are the prime factors of a?
151
Let d(t) be the first derivative of -t**4/4 + 6*t**3 + t**2/2 + 2*t + 13. Let f be d(18). List the prime factors of -146*((-6)/(-9))/(f/(-15)).
73
Let h(i) = 2*i**3 + 11*i**2 - 14*i + 45. Suppose 2*b + 3*o - 14 = 0, -3*b - 35 = -8*b - 5*o. List the prime factors of h(b).
2, 293
Suppose 6*p - 9 = 3. Suppose 4*c - 456 = -5*a + c, a - 94 = -p*c. What are the prime factors of a?
2, 3, 5
Let h be ((-270)/(-162))/(1/177). Suppose 0 = -j - 4*l + h, -2*l + 1019 - 2604 = -5*j. What are the prime factors of j?
3, 5, 7
Let c = 85161 - 60089. List the prime factors of c.
2, 1567
Suppose -11752 = -2*k + 5*d, 34*k + 3*d = 30*k + 23504. What are the prime factors of k?
2, 13, 113
Suppose -308 - 132 = -20*j. Suppose c - 286 + j = 0. List the prime factors of c.
2, 3, 11
Let i(f) = -3 + 144*f**2 - 2 - 3 - 2*f + 11. What are the prime factors of i(2)?
5, 23
Let z(r) = 131*r**3 - 2*r**2 + 128*r + 3. What are the prime factors of z(7)?
2, 13, 1759
Let s be (2/6*-9)/((-1)/25). Let w = 55 - s. List the prime factors of (30/(-4))/((-18)/w - 1).
3, 5
What are the prime factors of (-1182405)/6*214/(-535)?
7, 11261
Suppose x = 1, 6 = 4*b - 4*x - 6. Suppose b*i = -3*i + 14. Suppose -v = 5, -i*o - 3*o = v - 1180. What are the prime factors of o?
3, 79
Let q(v) = -2353*v - 1564. What are the prime factors of q(-10)?
2, 3, 7, 523
Let f = 25065 - 9803. List the prime factors of f.
2, 13, 587
Let q = 165 + -160. Let a(g) = 117*g + 58. List the prime factors of a(q).
643
Let n = -67 - -77. Suppose -5*i + n = 2*t - 4*t, -3*t - 5*i = -35. Suppose 7*d - 5*d - 2*o = 74, d = t*o + 45. What are the prime factors of d?
5, 7
Suppose -117*o - 44985 = -120*o + j, o - j - 14993 = 0. List the prime factors of o.
2, 23, 163
Let a = -415 + 645. Let r = a - 155. List the prime factors of r.
3, 5
What are the prime factors of -3 - 28185/(-9) - 21/(-63)?
3, 7, 149
Let a be ((-132)/(-77) - 2) + (-69360)/(-14). Suppose -6*f - 106 + a = 0. List the prime factors of f.
2, 101
Suppose -w = -950 - 1220. What are the prime factors of w?
2, 5, 7, 31
Let x(l) = 4*l - 13. Let v be x(4). Suppose v*n - 5*n = -4*d - 46, 0 = 2*d - 6. Suppose -n = -2*q + 109. List the prime factors of q.
3, 23
Suppose -45926 - 164461 = -5*j - 3*b, 5*j + 2*b - 210388 = 0. What are the prime factors of j?
2, 3, 7013
Let m be (35 + -47)*(-2 - (-3)/2). Suppose m*d + 6*d - 1032 = 0. List the prime factors of d.
2, 43
Let r be (-2 - -5 - 1)/1. Let z be r + ((-4)/(-1) - 3). Suppose -15 = 7*d - 2*d, -2*o - z*d + 21 = 0. List the prime factors of o.
3, 5
Suppose 5*k = 25, h - 5*k = 3542 - 1254. List the prime factors of h.
3, 257
Let m(c) = 8 + 253*c**2 - c**3 - 1 - 9*c - 260*c**2. Let q be m(-5). Suppose 2*o = t - 0*t - 63, -q*t - 3*o + 112 = 0. What are the prime factors of t?
59
Let z = -6626 - -17989. List the prime factors of z.
11, 1033
Let o(x) = -67*x**3 - 4*x**2 + 4*x - 3. Let k be o(2). What are the prime factors of (10 - 8) + k/(-1)?
3, 61
Suppose 4*x = -5*b + 220785, -14*b + 220740 = 4*x - 18*b. List the prime factors of x.
2, 5, 5519
What are the prime factors of (-3)/(9/(-15)) + (-4724883)/(-87)?
2, 13, 2089
Let g be (-2 - -1) + -3 + 7. Suppose 0 = g*m + 4*h - 160 + 21, -137 = -3*m - 2*h. Suppose 0 = -z - 3*z - 3*o + 17, o = 5*z - m. List the prime factors of z.
2
Let a = -136 - -5570. What are the prime factors of a?
2, 11, 13, 19
Suppose c = 4*w + 1769, -5*w + 2*c - 6*c - 2185 = 0. Let o = w + 818. What are the prime factors of o?
13, 29
Let m be 1554/(-154) - 2/(-22). What are the prime factors of -1*(-2 - m) - -1397?
3, 463
Suppose -6*y + 17 = -13. Suppose 0 = y*z - 15, -4*b + 516 = -z - 3*z. List the prime factors of b.
2, 3, 11
Let p be ((-20)/(-3))/((-20)/150). Let h = p + 53. Suppose h*v + 5*s = s + 404, -2*s = -4. What are the prime factors of v?
2, 3, 11
Suppose -9 - 15 = -6*g. Suppose -3*i + 1234 = -g*v, 7*i + 5*v = 2*i + 2115. Suppose -k + 2*a = -6*k + i, -2*k + 167 = a. What are the prime factors of k?
2, 3, 7
Let r(c) = -14*c**2 - 6*c - 57. Let n(f) = 7*f**2 + 4*f + 29. Let s(z) = -11*n(z) - 6*r(z). List the prime factors of s(7).
2, 5, 31
Suppose 7313 = -5*h + 18*h - 18713. What are the prime factors of h?
2, 7, 11, 13
Let b(z) be the second derivative of 0*z**2 - 1/20*z**5 - 1/2*z**3 + 11*z + 0 - 5/12*z**4. List the prime factors of b(-5).
3, 5
Let g be -4*(-2)/44 - 90/(-110). Let l be (1 + g/(-1))/2. Suppose 5*h + 3*q = 446, 94 = h - l*q - q. List the prime factors of h.
7, 13
Suppose -v - 8 = -1. Let r = v - -5. What are the prime factors of -362*(-3)/12 + r/(-4)?
7, 13
Let s(y) = -46984*y + 498. What are the prime factors of s(-1)?
2, 23741
Suppose 5*j - 2*d - 19 = 0, -3*j - 2*j + 4*d = -23. Suppose 0 = 2*y + j*y + 2*y. List the prime factors of (y + 2)*(0 - (-17)/2).
17
Suppose 0 = 18*z - 21*z - 12. Let s be 4/8*((-7 - z) + 23). List the prime factors of (5/s)/(2/968).
2, 11
Suppose 2*a - 3*u = 1117, -5*a - 3*u = -2*a - 1653. Suppose -4*g + a = -g - 5*r, -5*g - r = -886. Let o = -84 + g. What are the prime factors of o?
2, 47
Let z be 16/(-14)*35/(-10). Suppose 10 = -z*b + 30. Suppose 5*r + 3*g - 8*g = 510, b*r - 530 = g. List the prime factors of r.
107
Let p be 48466/(-88) - 6/8*-1. Let o = -35 - p. What are the prime factors of o?
5, 103
Let m be -1*(-2)/2 + -94. Suppose -200 = -240*c + 238*c. Let d = c - m. List the prime factors of d.
193
Let n = 20292 + -2481. What are the prime factors of n?
3, 1979
Let h(z) = -24*z. Let j be h(-6). Suppose 9 = -3*k + 6, -x = 5*k + 62. Let w = x + j. What are the prime fa